 -32 + 42
-21
What is 1 + (-11 + (-9 - -5) + 10 - -5)?
1
Calculate -6 - (-14 + 7 - -4 - -3) - -16.
10
What is 22 + -49 - (-52 - -3)?
22
Calculate -40 + (-31 - (-16 - 33)).
-22
Calculate (12 - -1) + (-201 - -193).
5
Calculate -1 + -7 + 18 + -4 + -34.
-28
What is the value of (-31 + -8 - -14) + 15?
-10
0 + 8 + -2 + (16 - 8)
14
Calculate (49 + -1 - 47) + 0 + -10.
-9
Calculate -6 + 12 - (2 + -2 + 4 + -13).
15
Calculate (35 - 1) + -13 + (-4 - (-15 - -8)).
24
-20 + 12 + (-7 - -24)
9
0 + -2 + (-5 - -13 - 4)
2
Evaluate (-2 - -3) + 2 + -3 + 2 + 3.
5
What is 20 + 20 + -58 + 4?
-14
Calculate -6 - 3 - -4 - -11.
6
Calculate (16 - 26) + -1 + 4.
-7
(9 + -6 - 3) + 6 - (39 + -21)
-12
What is the value of -15 - (11 + (7 + -8 + -8 - 5))?
-12
Evaluate -175 - -162 - (-2 - -9).
-20
Evaluate 8 - -1 - (-23 - (-28 - -7)).
11
Evaluate 3 - (3 - 2) - (-117 + 141) - 3.
-25
4 - -10 - (-8 + 19)
3
Evaluate (-10 - -3) + 2 + (7 - 0 - -5).
7
What is the value of 0 + (-2 + (-9 - -1) - 8)?
-18
Evaluate -1 - (-20 + 0 - (88 + -101)).
6
What is 25 - 33 - (7 + -3)?
-12
What is (-2 - -5) + -10 - 2 - 0?
-9
What is the value of (40 - 39) + -8 + 2 + 1 + -1?
-5
Evaluate 1 + 1 + -22 + (26 - 4).
2
What is the value of 2 + (-6 - (-21 + 21))?
-4
Calculate -2 + (-9 - -2) + (34 - 37).
-12
Calculate 8 + 5 + 3 + -7 - 9.
0
What is (-18 - (-18 + -3)) + (-4 - (-3 - -3))?
-1
Calculate 20 + -3 - (-20 + 26) - -4.
15
What is 12 + 0 - (-6 - (-10 - (3 + -6)))?
11
Calculate 20 + (-1 - 5) + 12 + 4.
30
Evaluate (-18 - -10 - -18) + -8 + -2.
0
What is -16 - -11 - (1 + 1 - (-15 + 8))?
-14
What is the value of 3 + 19 - (-2 + 29)?
-5
What is the value of -13 + (-7 - -19) + -15?
-16
Calculate 31 + -51 + (25 - -4).
9
Calculate -16 - -31 - 13 - 10.
-8
Calculate 2 - (-5 - (-1 - 27 - -6)).
-15
What is the value of -11 - (-6 + -3 + -3 + (13 - 2))?
-10
What is -16 - -4 - 23 - -21?
-14
What is -7 + (8 + 5 - -2) + -17?
-9
Evaluate 3 - (5 - (2 + -1 + -5)).
-6
What is 0 + ((17 - 16) + -27 - (-3 - 2))?
-21
-15 - (-4 + -8 + 1)
-4
3 + 1 + 0 + -55 + 47 - -1
-3
Evaluate 12 + -4 + (-22 + 30 - (2 + 2)).
12
2 + (13 - 13 - 6)
-4
Calculate 11 + (-1 + 2 - (-1 - (-4 + 2))).
11
What is (-15 - -23) + 0 + -2 - 8?
-2
What is the value of -187 + 169 - (2 - (-3 - (-9 - 0)))?
-14
Evaluate (-5 - (3 + -3)) + 25 + -25 - -3.
-2
(-1 - 3) + (11 - 14)
-7
8 + (-3 - (7 + -15 + (16 - 10)))
7
10 + -17 - ((0 - -7) + -4) - -9
-1
Calculate -5 + -18 + (6 - 25) + 27.
-15
What is the value of 38 + -39 + 7 + -5 + 3 - -12?
16
Calculate -22 + 15 - ((-4 - -2) + -7).
2
Calculate 11 - ((9 - 6 - -6) + -10).
12
Evaluate -24 + 24 + 14 + -6.
8
Calculate -7 - ((-14 - -9) + -12 - (-2 + -1)).
7
Calculate 8 + -4 + -3 + (6 - 0).
7
Calculate (1 - -9 - 1) + 8036 + -8041.
4
0 - (-3 + -2 + 19) - (31 + -38)
-7
What is the value of 39 + -25 - (5 - -21)?
-12
-5 - 17 - -11 - (-11 + -2)
2
Calculate (11 + -1 - (11 - (18 + -14))) + -7.
-4
Calculate -5 - -1 - (15 + 0 - 11).
-8
Evaluate (-83 - -78) + (-3 - (3 + (-3 - 33))).
25
Evaluate (-1 - -6) + (50 - (122 - 39)).
-28
What is the value of -3 + (1 - 11 - (-26 - -3))?
10
Calculate (-1 - (-4 - 2)) + (189 - 206).
-12
-7 - (-17 - (-5 + -21))
-16
What is -4 + (-33 - -17) - -15?
-5
Calculate 5 - (11 + -15 + 14).
-5
Evaluate -397 - -403 - (0 - -27).
-21
22 + (-12 - 0) + 4 + 10
24
What is the value of 17 - (6 + -4 - -25)?
-10
Evaluate 5 - (8 - (-14 + 7 - -6)).
-4
Evaluate 16 + (9 - 13) + -6 - (1 - 2).
7
Evaluate -1 - (15 + -57) - (6 + -6).
41
Evaluate (-7 - -11) + 3 - (12 + 0).
-5
What is 8 + (-63 - -66) + (-19 - 0)?
-8
What is the value of 2 - -8 - (-18 + 11 + 3)?
14
Calculate 15 - 39 - (-58 + 55).
-21
(-1 - 18) + (-26 - -41)
-4
Evaluate -1 - -1 - (-26 - -33).
-7
Calculate -3 - (80 - 76 - (-13 - 0)).
-20
Calculate 35 + (-24 - -10) - -7.
28
What is the value of 22 + 33 + -29 + -11?
15
Calculate -8 + (-9 + 11 - 5) + 25.
14
Evaluate (0 - (-1 - -11)) + 19 + 8.
17
Evaluate -15 + (29 - (-13 + 9 + 17)).
1
Evaluate -4 + (15 - -1) + -3 + -2.
7
What is 10 - (-9 + (8 - -10))?
1
What is (3 - (7 + -3 + -7)) + (4 - -5)?
15
Evaluate 0 + (0 + -12 - (24 + -20)) + 1.
-15
Calculate -9 + 16 + -7 + 16 + 2.
18
Calculate (-16 - (-18 - 5)) + 0.
7
Evaluate 0 + -1 - (-14 + (-10 - -26)).
-3
What is the value of (8 - 0) + (-1 - -4 - 7)?
4
What is the value of 24 + -19 + -17 + (41 - 14)?
15
Calculate 11 + (4 - 19 - -17).
13
What is the value of -2 + 11 + -10 - -3?
2
What is the value of (-8 - 2) + (-5 - -8) - -12?
5
Calculate -234 + 218 + (12 - 1) - 9.
-14
Evaluate 25 + -73 + 39 + -9 + 1 + -2.
-19
What is the value of (23 - 38) + 28 - (2 - -30)?
-19
What is the value of 36 - (20 + -8) - 44?
-20
Calculate 5 + 25 + 32 + -45.
17
Evaluate 488 + -485 + 16 + 0.
19
Calculate 7 - (-2 - -3) - (-5 - -12 - 21).
20
Calculate 115 + -134 + (-4 + 3 - -5).
-15
Evaluate -29 + 19 + (3 - (1 - -15)).
-23
Evaluate 18 + -13 + (-5 - -13).
13
Calculate -4 - 1 - -8 - (-21 + 12).
12
Evaluate (13 - (42 + -21)) + 9 + 1.
2
(-9 - -7 - 4) + (-1 - 2) + 2
-7
(-2 + -6 - -2) + 5 - -17
16
(-6 - ((-8 - 6) + 15)) + 31
24
What is the value of 23 + -2 + -17 - (-2 - -16)?
-10
Calculate -11 + (9 - (-8 - 1)).
7
Calculate 6 + -14 + 19 + -2 + -4.
5
What is -1 - -19 - (21 + -5 + -20)?
22
Calculate -23 - (-4 - 26) - (-2 - -2).
7
What is (5 - 10 - -8) + (20 - 15)?
8
132 - 99 - (26 + 1)
6
Calculate -5 + (1 - (4 + 13)).
-21
Evaluate 9 - ((-8 - -13) + 0 - 9).
13
What is 4 - (-29 - (33 - 72))?
-6
What is the value of -29 + (16 - 13 - (3 - 0)) + 4?
-25
Evaluate -7 - (-4 - ((4 - 12) + 5)).
-6
-439 + 469 - (26 - -2)
2
-10 + -9 - -9 - 6
-16
What is the value of (15 + -8 - 3) + 5 - 1?
8
What is the value of -11 - (1 + -12 + -4 + 11)?
-7
What is 2 + (2 - (2 + (-1 - 5) + 7))?
1
((-9 - -5) + 1 - (2 + -8)) + 7
10
-4 - ((-10 - -5) + -10)
11
What is the value of 8 - (-28 - (17 + -28))?
25
What is the value of 5 + -15 + 13 + -7 - (1 - -12)?
-17
What is the value of -27 - -13 - 8 - -25?
3
Calculate 7 + -19 + 45 - 72.
-39
Evaluate 7 + -18 + 27 + -7 + (12 - 7).
14
-21 + 18 - -1 - 17
-19
-7 - 0 - (-8 + -2)
3
What is the value of 14 - (8 + -3 + 0) - -15?
24
What is -17 - (-5 + (4 - 3)) - 0 - -3?
-10
Calculate (-15 - -18) + 14 - ((-2 - -10) + -2).
11
Evaluate 0 - 7 - ((1 - -1 - -1) + 5).
-15
Evaluate 12 + (4 - (-11 + 6 - -4)) + -4.
13
What is (13 - (4 + 6)) + -7 - -17?
13
What is 9 + -20 - -10 - -13 - 5?
7
What is the value of -16 - (-8 - 4 - 1) - (-2 - -11)?
-12
What is the value of -601 + 588 + (1 - -25)?
13
Evaluate -13 + -7 + (-19 - -7) + 24.
-8
Calculate -8 - ((-18 - -9) + -12 + 0).
13
2 + -4 - 10 - ((-23 - -43) + -20)
-12
What is 3 + -4 - -10 - (-29 + 33)?
5
What is 3 - 17 - (8 - (-3 - (8 - 23)))?
-10
12 + (7 - 4) + (-1 - 0)
14
-22 - (-12 - -3) - (-4 + 4)
-13
What is 56 + -43 - (-3 - -14)?
2
Calculate 1 + 1 + 1 + 2 + -2.
3
What is the value of (57 - 30) + (-2 - -5) + -12?
18
What is the value of (7 - -3 - (2 + 4)) + 14?
18
(13 + -24 - (-23 + 15)) + (37 - -1)
35
-14 - (-6 + -3) - (-1 + 1)
-5
Evaluate 14 - (2 - -1) - (-80 - -81).
10
5 - 3 - (6 - 2 - 2)
0
Evaluate 18 - 24 - -16 - 28.
-18
0 + -6 + 2 + 3 + -13 + 19
5
Calculate -34 + 18 + -20 + 17.
-19
What is 10 - -4 - 37 - (1 + -10)?
-14
What is (-18 + 19 - -2) + 12?
15
Calculate 0 - 33 - (-42 + 18 + 17) - 8.
-34
Evaluate (-32 - -34) + (-7 - 5) + 46 + -2.
34
What is 2 + 33 - (-15 + 38)?
12
What is the value of -1 + (2 - 0) + (81 - 75)?
7
Calculate -38 + (-8 - -25) + 9.
-12
What is -15 + (-10 + (6 - 4) - -6 - 10)?
-27
What is (32 - -1) + (-1847 - -1808)?
-6
What is -22 + 16 + (0 - 1)?
-7
21 + (-6 - (3 - -2 - 3))
13
What is the value of -16 - (-2 - (-7 - -1)) - 10?
-30
What is the value of 0 + (5 - (6 - 6 - -5)) - 1?
-1
What is the value of -11 - (1 - 0) - (13 + -31 - -14)?
-8
12 + (-11 - -12) + 1 + 0 + 3
17
What is the value of (17 + 2 - 13) + -37?
-31
154 + -165 + (-2 + -1 - 2)
-16
Evaluate -3 + 3 + -15 + 16.
1
What is the value of -6 + 11 + 8 + -1 - (0 + -8)?
20
Calculate -6 + (-8 - -44) + (8 - (-12 + 18)).
32
Calculate (13 - (-11 - -4)) + (3 - -3) + 0.
26
What is (6 - (-2 - -3)) + -7 + -2 + -2?
-6
What is the value of (35 - 19) + 13 + -31?
-2
What is the value of (-7 - (-16 + 15)) + 1 + -1?
-6
What is the value of 21 - (-15 + (22 - 15) + 2)?
27
What is (8 - 0) + (16 - 3) + (61 - 88)?
-6
What is 1 - (-9 + -13 + 11)?
12
What is -4 - -4 - (-4 + 16)?
-12
0 - ((4 - (-11 + 20)) + (-2 - 